 b?
2843
Let d(m) = -m + 10. Let y be d(-5). Suppose -12*b = -y*b. Let t(i) = -i**2 - i + 15. What are the prime factors of t(b)?
3, 5
Let n(a) = a**2 + 16*a - 9. Let l be n(-16). Let t be ((-102)/9)/(2/l). Suppose -4*s = -5*s + t. List the prime factors of s.
3, 17
Let o(c) = -2*c**3 + c**2 - 7*c - 3. Suppose 3 = 2252*b - 2253*b. List the prime factors of o(b).
3
Suppose 0 = 2881*o - 2905*o + 22800. List the prime factors of o.
2, 5, 19
Let v = 124940 + -51482. What are the prime factors of v?
2, 3, 7, 11, 53
Let f(u) = -4*u + 4. Let m be f(3). Let n(i) = i**2 - 9*i + 1. Let a be n(m). Suppose 3*t - 5*v - a = -25, 3*t - 4*v - 113 = 0. What are the prime factors of t?
3, 13
Suppose 122*z + 17*z + 390*z = 28829442. List the prime factors of z.
2, 3, 31, 293
Suppose 4*b + 491 = 507. Suppose b*a - d - 2349 = 0, 399 = a - 4*d - 207. List the prime factors of a.
2, 293
Let h be -2*(-12)/8*1. Suppose 2*m = -4*x + 670, 0 = m - 6*x + h*x - 330. Suppose m = -38*o + 41*o. What are the prime factors of o?
3, 37
Let m be ((-6)/(24/20) - -10) + -2. Suppose -5*z + 170 = 5*j, 2*j + 6 = m*z - 96. What are the prime factors of z?
2, 17
Suppose -18 = -3*p + 3*w, 5*p - w = 4 + 14. Suppose -964 = -p*u - t, u = -2*u - 2*t + 968. What are the prime factors of u?
2, 5
List the prime factors of ((-240)/45 - -6)/((-3)/(190827/(-2))).
7, 13, 233
Suppose -4*a + a + 57 + 159 = 0. What are the prime factors of a?
2, 3
Let d(u) = 43085*u**3 + 9*u**2 - 66*u + 57. What are the prime factors of d(1)?
5, 7, 1231
Let s(a) = 44*a**2 + 6*a**2 + 8*a - 40*a**2 + 14 + 43*a**2. List the prime factors of s(-3).
467
Let p be 594/(-9)*(-1)/(-3). Let b be (7 + p)*(-3 + -8). Suppose -2*w - u = -4*u - 45, -b = -5*w - 3*u. List the prime factors of w.
2, 3, 5
Let r(p) = -p**3 + 12*p**2 + 4*p + 14. Suppose 0 = 18*z - 15*z - 36. Let l be r(z). Suppose 0 = l*d - 66*d + 348. List the prime factors of d.
3, 29
Let h(x) = 4*x**3 + x**2 - 4*x - 8. Let z be h(-2). What are the prime factors of (-3171)/z*(-12)/(-9)?
151
Let n be 0 - 1 - -2 - 12/4. Let v be 2 + n + 2 + -15. Let p = 165 - v. What are the prime factors of p?
2, 89
Let q = 6314 + -4178. List the prime factors of q.
2, 3, 89
What are the prime factors of 7701 + ((-1084)/84 + 13 - (-2)/(-21))?
3, 17, 151
Let g(y) = y - 6. Let l(q) = 415*q + 62. Let w(f) = 6*g(f) + l(f). List the prime factors of w(3).
1289
Suppose 3*h - 4*j - 3886 = 0, 0 = 4*h - j - 385 - 4766. List the prime factors of h.
2, 643
Let g = -3423 - -4389. What are the prime factors of g?
2, 3, 7, 23
Let c(i) = -i**3 - 6*i**2 - 9*i + 2. Let y(r) = -r**2 + 2*r - 1. Let m be y(-6). Let k = m - -42. What are the prime factors of c(k)?
2, 3, 19
Let n(h) = -173*h - 6. Let f be n(2). Let a = -52 - f. List the prime factors of a.
2, 3, 5
Let x be 18/((34/85)/(1/5)). Let q(p) = 3 - 6 + 4 - x*p + 3*p**2 + 13. List the prime factors of q(7).
2, 7
What are the prime factors of 6 - (-117 + -8 + 13)*(29 - 4)?
2, 23, 61
Suppose 0 = -4*b - 4*k - 0*k - 32, b - 4*k - 7 = 0. Let p be 108*b*(-12)/20. Suppose -12*r = -18*r + p. List the prime factors of r.
2, 3
Let x(j) = 148*j**2 - 41*j + 339. What are the prime factors of x(8)?
3, 29, 109
Let d be ((-5)/(-7))/(3 - (-80)/(-28)). Suppose 0 = d*t - 2*k, -3*k + 14 + 5 = 2*t. Suppose 2*m - 592 = -t*m. What are the prime factors of m?
2, 37
Suppose 3*u - 1809 = -3*l, -4*u - l = -1208 - 1198. Let a = u + -216. What are the prime factors of a?
5, 7, 11
Let x(v) = 2*v**3 - 33*v**2 + 59*v - 233. What are the prime factors of x(29)?
3, 13, 577
Suppose -2*m + 2 = -j, 4*j - 32 = -0*j - 2*m. Let w(k) = 14*k**2 - 7*k + 13. What are the prime factors of w(j)?
5, 19
What are the prime factors of 2101/2 + (-207)/(-414)?
1051
Let a(k) = -155*k - 93. Let n = -386 + 380. What are the prime factors of a(n)?
3, 31
Suppose 0 = -j + 2*b + 49, 4*j = 86*b - 91*b + 183. Suppose j*t = 42*t + 5785. List the prime factors of t.
13, 89
Let j(v) = 20*v**2 - 51*v - 71. Let a be j(-19). Suppose -315*z + 326*z = a. What are the prime factors of z?
2, 3, 41
List the prime factors of (1/(-5))/(102/(-3563710))*48/8.
2, 20963
Suppose 2*a + 22 = 2*b - 0, -2*b = -4*a - 30. What are the prime factors of (b/(112/(-12)))/((-1)/392)?
2, 3, 7
Suppose -7030 = -104*d + 55266. What are the prime factors of d?
599
Suppose -28*l + 0*l + 700 = 0. Let m(i) = -i**3 + 25*i**2 + 7*i - 27. What are the prime factors of m(l)?
2, 37
Let p(h) = -h**3 + 29*h**2 + 23*h + 43. What are the prime factors of p(-23)?
2, 59, 229
Suppose 0*k + 2*k - 2 = 0. Let b(d) = -459*d**3 - d**2 + 1. Let j be b(k). What are the prime factors of (-1)/2*4*j/6?
3, 17
Let a(j) = -72*j + 156. Let o be a(-20). Let z = -901 + o. List the prime factors of z.
5, 139
Let o(d) = 2 - 14 + 26 + 9*d. Suppose b - 5 = 0, -4*f + b = -0*f - 7. List the prime factors of o(f).
41
Let c = -22291 + 47596. List the prime factors of c.
3, 5, 7, 241
Let m = 69293 - 19110. Suppose -17391 - m = -46*p. What are the prime factors of p?
13, 113
Suppose 8*v + 166 = 3086. Let b = v + -195. What are the prime factors of b?
2, 5, 17
Suppose 28*q - 682 = 6*q. Suppose -2*i - 7975 = -q*i. What are the prime factors of i?
5, 11
Let l be ((-2315)/(-45)*-3)/((-3)/(-315)). List the prime factors of l/(-14) + (-3)/(-6).
2, 3, 193
Let c = -22147 + 104306. What are the prime factors of c?
7, 11, 97
Suppose 4*v - 48 = -i, 3*i - i + 48 = 4*v. Suppose -4*y + y = -v. List the prime factors of 3 + (1260/5)/y.
2, 3, 11
Suppose 345 = s - 602. Suppose -9*r = -4*l - 14*r + 1903, s = 2*l + r. List the prime factors of l.
2, 59
Let q = 25 - 31. List the prime factors of 12/(-21)*4179/q.
2, 199
Let c = 7079 - -60. What are the prime factors of c?
11, 59
Suppose -4*r - 550 = -4*s + 898, -2*r = -4*s + 734. Let j = -305 - r. List the prime factors of j.
2, 13
Suppose -59*d = 30*d - 1406141 + 434617. List the prime factors of d.
2, 2729
Suppose -5*z - 3*c + 13 = 0, 5*z - 12 = -c - 1. Let i(u) = -u**3 + 8*u**2 - 7*u + z*u**3 + 16 + 9*u. List the prime factors of i(-7).
3, 17
Suppose -4*c = -4*d + 72, 11*c - 12*c + 39 = 2*d. Suppose -m - 30 = -3*m. Suppose d*q = m*q + 240. What are the prime factors of q?
2, 3, 5
Suppose 17*v = 353 - 1560. Suppose -5*x + 680 = -0*x. Let t = v + x. List the prime factors of t.
5, 13
Let c = 453 - 453. Suppose -28*d + 12526 + 21578 = c. What are the prime factors of d?
2, 3, 7, 29
Let d = -47 - -53. Let p be (26/(-6) - -1)*-10*-6. List the prime factors of (d/(-4))/(4 - (-812)/p).
5
Let g be (-2)/(-3) + 3*(-664)/72. Let n = 30 + g. Suppose -3*j - 1 = 2*a - 9, -32 = -2*a + n*j. What are the prime factors of a?
2, 5
Suppose 4 = -4*h + 8*h. Let g be (-4)/(8/(-10)) - (-1 - h). Let z(r) = -r**3 + 7*r**2 + 7*r + 15. What are the prime factors of z(g)?
2
Let p(u) = -11*u**3 - 2*u**2. Let f be p(1). Let x(c) = c**3 + 14*c**2 - 3*c - 19. What are the prime factors of x(f)?
3, 7
Let q(c) = -c**2 + 12*c - 32. Let x be q(5). Suppose -3*p - 4*r + 1321 = 0, 19*r - 22*r - 1314 = -x*p. What are the prime factors of p?
439
Let p(z) = -z**3 - 5*z**2 + 8*z + 12. Let f be p(-5). Let s = f + 11. Let o = s - -70. What are the prime factors of o?
53
Let x = -205 - -123. Let r = 183 - x. List the prime factors of r.
5, 53
Let l = 10259 - 3444. What are the prime factors of l?
5, 29, 47
Suppose -2368 = -6*w - 10*w. List the prime factors of (132/(-18))/(w/75 - 2).
5, 11
Let t(u) = -u**2 + 11*u - 5. Let x be t(2). Let n = x + -12. List the prime factors of ((-70)/(-28))/(n/4).
2, 5
Let t = -327 + 765. Let w = 374 + t. List the prime factors of w.
2, 7, 29
Let l = 231 - 213. What are the prime factors of (-653 + -1)/((-36)/l)?
3, 109
Let t = -90 + 92. Let r be (-72)/16*4/(-3). Suppose 28 = r*c - t. What are the prime factors of c?
5
Suppose 0*l + 2*l - 60 = 0. Let t be ((-2)/(-7))/((-40)/(-140)). Let p = l - t. List the prime factors of p.
29
Let u(w) = w**2 - 17*w - 57. Let q(d) = d**2 - 4*d + 11. Let x be q(6). List the prime factors of u(x).
3
Suppose 2*n - 11100 = -3*f + n, 3*f + 2*n - 11094 = 0. List the prime factors of f.
2, 3, 617
Let v = -40 - 44. Let m be (-5)/2*v/10. What are the prime factors of (m/6 + -2)*(-568)/(-12)?
71
Let o be ((-3820)/6)/(8/(-12)). Suppose o = 5*g - 5*a, -2*g + 5*a + 162 = -229. What are the prime factors of g?
2, 47
What are the prime fact